t h(z) = -8*z - z**2 - 27 + 3 + 2. Let k be h(-6). What are the prime factors of g(k)?
2, 13
Let t = -2866 + 10321. Suppose -13*y = -28*y + t. List the prime factors of y.
7, 71
Let y(c) = 9*c**2 + 2. Let a = 9 + -3. Suppose -5*l - a = -4*q + q, -3*q + 3*l = 0. List the prime factors of y(q).
83
Let c be 309 - 7 - -1*3/1. Let y = c - -77. What are the prime factors of y?
2, 191
Let j be 276/(-10) - 4/10. Let u be j/(-42) - (-3464)/6. Let y = u - 405. List the prime factors of y.
173
Let c = -105 - -66. List the prime factors of 316*(c/12 + 2 - -2).
3, 79
Let d = 67 + -62. Suppose y - 768 = w, d = -2*w + w. What are the prime factors of y?
7, 109
Suppose 17*n = 18*n - 33. Suppose n*s - 10627 + 2740 = 0. List the prime factors of s.
239
Let j(n) = n**3 - 50*n**2 + 15*n - 862. List the prime factors of j(54).
2, 2903
Let j(i) = -3*i**3 + 10*i**2 + 5*i - 28. Let b(p) = -4*p**3 + 9*p**2 + 4*p - 28. Let f(u) = -2*b(u) + 3*j(u). What are the prime factors of f(12)?
2, 7
Let u(m) = 251*m**2 + 17*m - 41. What are the prime factors of u(4)?
13, 311
Let j(g) = -18197*g - 848. What are the prime factors of j(-1)?
3, 5783
Let q be 4815/(-5)*(-8 + 7). Let p = q - 584. List the prime factors of p.
379
Let v = 16092 + -9004. What are the prime factors of v?
2, 443
Let x(n) be the second derivative of -n**3/3 - 49*n**2/2 + 27*n. Let y be x(-22). What are the prime factors of (-86)/(-10) + (3/y - -1)?
3
Let s(c) = -3*c**2 + 2 + 73*c**3 + 19*c - 29*c - 74*c**3. What are the prime factors of s(-8)?
2, 3, 67
Suppose 30*o + 12 = 26*o. Let i be (2 + -12 + 4)/(o/68). Suppose -3*p - 152 = -4*n - 8*p, -4*n + i = p. List the prime factors of n.
3, 11
Let m(l) = 649*l**2 + 72*l + 487. What are the prime factors of m(-6)?
11, 2129
Let t(l) = l + 26. Let o be t(-21). Let q be (30/o)/(-1 - (2 + -1)). List the prime factors of (-149)/(q/((-9)/(-3))).
149
Let m(l) = -5*l**3 - 3*l**2 - 5*l - 2. Let c be m(-4). Let y be (-4)/(-14) - c/(-14). Let d = -15 + y. What are the prime factors of d?
2, 3
Suppose -313*d = -329*d + 451168. List the prime factors of d.
2, 23, 613
Let v(u) = -25 - 9 + u**2 - 9*u + 0. Let i be v(12). Suppose i*n - 251 = n. List the prime factors of n.
251
List the prime factors of (-91279)/(-6) - (-32)/(-192).
3, 11, 461
Suppose n - 9*n - 8 = 0. Let g be -3 + 3 + n + 1198 + 3. Suppose 0 = -6*a - 4*a + g. List the prime factors of a.
2, 3, 5
Suppose -85318 = 369*d - 398*d. What are the prime factors of d?
2, 1471
Let q(p) = -307*p + 8456. What are the prime factors of q(-169)?
3, 20113
Suppose -2*l + 2 = -3*j, -22 = -3*l - j - 8. Suppose 0 = -5*n + 2*q + 1079, 2*n - l*q = -n + 639. List the prime factors of n.
7, 31
Let i(r) = -r + 56. Let v(m) = -2*m**2 - 49*m - 27. Let u be v(-24). List the prime factors of i(u).
59
Let s = 0 + 0. Let d be (-35)/(-4) - (s - 5/20). Suppose 0 = -d*c + 269 + 415. List the prime factors of c.
2, 19
Let v = -10293 + 37570. What are the prime factors of v?
27277
Let i(y) = y**3 - 8*y**2 - 8*y - 4. Let x be -4 - (-4 + 9/(-1)). Let q be i(x). What are the prime factors of (136 + -11)*8/q?
2, 5
Let s = 23 - 98. Let g = s - -74. What are the prime factors of (54 - 42)*g/(4/(-42))?
2, 3, 7
Suppose 0 = -2*j + 5*v - 3719, -2*j + 4*v = v + 3725. Let d = -894 - j. List the prime factors of d.
7, 139
Let t = -49693 - -76059. List the prime factors of t.
2, 13183
Suppose 3*n - f = 338, 5*n - f - f - 565 = 0. Let y = 127 - n. List the prime factors of ((-104)/y)/((-1)/38).
13, 19
Let f = 400 + -390. List the prime factors of f/5 + (-5551)/(-7).
3, 5, 53
Suppose 2*c - 21 = -7. Let s(r) = -c - 2*r + 4*r**2 - 7*r + 11. List the prime factors of s(7).
137
List the prime factors of (23624/(-12))/(10/(-15)*1).
2953
Let f(c) be the first derivative of 3*c**2 + 9*c - 4. Let m be 301/35 - (34/(-10) - -3). What are the prime factors of f(m)?
3, 7
Let r = 4084 + 12707. What are the prime factors of r?
3, 29, 193
Let n be (-3268)/12 + 3 + (-1)/(-3). Let b = n - -144. List the prime factors of (-2)/((-30)/b)*-6.
2, 5
What are the prime factors of ((-66420)/(-40) + 5)*2?
3331
Let q = -46916 - -79942. What are the prime factors of q?
2, 7, 337
List the prime factors of 1 + (28/5)/((-18)/(-108765)).
13, 19, 137
Let o be (4 - 9) + 4 + 0. Let t be (-1)/(o/(5/1)). Let u(m) = 16*m + 16. List the prime factors of u(t).
2, 3
Suppose 3*x = -2*p + 280371, 149604 = 3*x + p - 130776. What are the prime factors of x?
93463
Suppose 5*x - 3*o - 49688 = 0, -82*o + 81*o + 49684 = 5*x. What are the prime factors of x?
19, 523
Let j = 6175 - 3289. Let g = -1911 + j. List the prime factors of g.
3, 5, 13
Suppose -12*s - 6612 = -26976. List the prime factors of s.
1697
Let x = 52595 - 32029. List the prime factors of x.
2, 7, 13, 113
Let k(q) = q**3 - 7*q**2 - 5*q - 39. Let l be k(9). Suppose -63*a + l*a = 4695. What are the prime factors of a?
313
Let p = 30457 - 13208. What are the prime factors of p?
47, 367
Suppose 112 = -3*m - 3*g + 2095, m + 2*g = 656. Suppose -5*x + 41 = m. Let h = x + 192. What are the prime factors of h?
67
What are the prime factors of 8/26 + 1876454/2678?
701
Let p(n) be the first derivative of -46*n**2 + 49*n + 143. What are the prime factors of p(-7)?
3, 7, 11
Let i(n) = 147*n + 8. Let d be i(9). Suppose d = 14*p - 461. What are the prime factors of p?
2
Let x be (1 + (-21)/6)*(-4)/5. Let t(r) = -3 + 2*r**2 + 201*r**3 - 4*r**x + 5*r - 202*r**3. List the prime factors of t(-5).
47
Suppose -14*o + 9*o = -2*t - 6108, 0 = -3*o + 4*t + 3662. List the prime factors of o.
2, 13, 47
Suppose -k + 2*g = 2*k - 87, -2*g = 5*k - 145. Let n = -24 + k. Suppose -f = 2*x - 46, -2*f + 3*f - n*x = 46. What are the prime factors of f?
2, 23
Let r(o) = 1387*o**2 + 6*o + 3. List the prime factors of r(-1).
2, 173
Suppose 8*v + 0*v = -3*v. Suppose v*d + 48766 = 37*d. List the prime factors of d.
2, 659
Suppose 0 = q + d + 3 + 1, 4*q = 3*d - 23. Let j be (-1 - 204/q) + (-1)/(-5). Suppose -j = -5*u - 3*l, -58 = 3*u - 6*u + 5*l. What are the prime factors of u?
11
Let n = -435 + 244. Suppose 12*d - 11*d - 301 = -k, 4*k = -d + 1195. Let q = n + k. List the prime factors of q.
107
Let n = -4287 - -6609. What are the prime factors of n?
2, 3, 43
Let v = 1 - -3. Let s be 10/v - (-4)/8. Suppose s*j - 20 = -2*j. List the prime factors of j.
2
Let y = 21552 + 13141. List the prime factors of y.
34693
Suppose 9*g - 5 - 13 = 0. Let y be (-6*(-4)/(-32))/(g/7264). What are the prime factors of 9/((-189)/y) + (-6)/(-21)?
2, 5, 13
List the prime factors of 290/(-45) - -6 - (-3788501)/153.
11, 2251
Let h be 24*114/(-60)*-5. Suppose 3*a - 15 = s - 1, 4*a + 2*s - 12 = 0. Suppose -5*p - 332 + 102 = -4*b, -4*p = -a*b + h. What are the prime factors of b?
5, 11
Let m(v) = 55*v**2 + 148*v + 409. List the prime factors of m(-32).
3, 53, 109
Let q = 8816 + -4810. What are the prime factors of q?
2, 2003
Let l(s) = -s**3 - 24*s**2 + 53*s + 17. Let i be l(-26). List the prime factors of 107 - ((-8)/(-6) - (-3)/i).
2, 53
Let w(y) = 13*y**2. Let d be w(3). Suppose 0 = -r + d + 457. List the prime factors of r.
2, 7, 41
Let x(k) = 5*k - 16 - 5*k + k + 18. Let i be x(-5). What are the prime factors of (-291)/i - (3 - 0)?
2, 47
Suppose -2*j + 24 = 4*f, 5*f - 2*j = -2 + 23. Suppose -f*k = -0*k + 415. Let b = k + 131. List the prime factors of b.
2, 3
Suppose -51 = 2*j - 81. Let k(y) = y**2 - y**3 - 89*y - 4 + 16*y**2 + 66*y. List the prime factors of k(j).
101
Suppose 4*b + 13566 - 570 = 0. Let j(m) = 614*m + 630. Let t be j(-1). What are the prime factors of -2*(-2)/t - b/76?
43
Let y be -4*(5/15 - (-15)/(-18)). Suppose y*p - 4*p = p. Suppose -5*z - 2*a + 162 = 0, p*a + 5*a = -5*z + 165. What are the prime factors of z?
2
Let k(n) = 3*n**2 - 17*n + 36. What are the prime factors of k(-28)?
2, 179
Let w(f) = -f**3 - 82*f**2 - 386*f - 590. List the prime factors of w(-83).
3, 13, 983
Suppose -34 - 10 = -11*o. Suppose -y - 3*j = -0*j - 928, 3725 = o*y - j. List the prime factors of y.
7, 19
Let f = 393 + -389. Suppose -4*p + 6024 = f*p. What are the prime factors of p?
3, 251
Suppose 0 = 99*m - 167*m + 8704. Let r be (1 + 0)*(2 - -1). Suppose -3*j + 109 + 275 = r*p, p + 2*j - m = 0. What are the prime factors of p?
2
Let u = -220 + 1086. Let l = 20 + u. What are the prime factors of l?
2, 443
Suppo